{"id":381,"date":"2018-11-30T11:21:10","date_gmt":"2018-11-30T13:21:10","guid":{"rendered":"http:\/\/nr.mjrdesign.com.br\/?page_id=381"},"modified":"2018-11-30T11:21:10","modified_gmt":"2018-11-30T13:21:10","slug":"valores","status":"publish","type":"page","link":"https:\/\/site.nrcontabilidade.com.br\/index.php\/valores\/","title":{"rendered":"Valores"},"content":{"rendered":"<p>Comprometimento \u00c9tico e social, Integridade, Parceria, Respeito, e Inova\u00e7\u00e3o. <\/p>\n","protected":false},"excerpt":{"rendered":"<p>Comprometimento \u00c9tico e social, Integridade, Parceria, Respeito, e Inova\u00e7\u00e3o.<\/p>\n","protected":false},"author":1,"featured_media":186,"parent":0,"menu_order":0,"comment_status":"closed","ping_status":"closed","template":"","meta":[],"_links":{"self":[{"href":"https:\/\/site.nrcontabilidade.com.br\/index.php\/wp-json\/wp\/v2\/pages\/381"}],"collection":[{"href":"https:\/\/site.nrcontabilidade.com.br\/index.php\/wp-json\/wp\/v2\/pages"}],"about":[{"href":"https:\/\/site.nrcontabilidade.com.br\/index.php\/wp-json\/wp\/v2\/types\/page"}],"author":[{"embeddable":true,"href":"https:\/\/site.nrcontabilidade.com.br\/index.php\/wp-json\/wp\/v2\/users\/1"}],"replies":[{"embeddable":true,"href":"https:\/\/site.nrcontabilidade.com.br\/index.php\/wp-json\/wp\/v2\/comments?post=381"}],"version-history":[{"count":1,"href":"https:\/\/site.nrcontabilidade.com.br\/index.php\/wp-json\/wp\/v2\/pages\/381\/revisions"}],"predecessor-version":[{"id":382,"href":"https:\/\/site.nrcontabilidade.com.br\/index.php\/wp-json\/wp\/v2\/pages\/381\/revisions\/382"}],"wp:featuredmedia":[{"embeddable":true,"href":"https:\/\/site.nrcontabilidade.com.br\/index.php\/wp-json\/wp\/v2\/media\/186"}],"wp:attachment":[{"href":"https:\/\/site.nrcontabilidade.com.br\/index.php\/wp-json\/wp\/v2\/media?parent=381"}],"curies":[{"name":"wp","href":"https:\/\/api.w.org\/{rel}","templated":true}]}}