{"id":335,"date":"2018-11-23T16:03:44","date_gmt":"2018-11-23T18:03:44","guid":{"rendered":"http:\/\/nr.mjrdesign.com.br\/?page_id=335"},"modified":"2018-11-23T16:03:44","modified_gmt":"2018-11-23T18:03:44","slug":"quem-somos","status":"publish","type":"page","link":"https:\/\/site.nrcontabilidade.com.br\/index.php\/quem-somos\/","title":{"rendered":"Quem Somos"},"content":{"rendered":"<p>A\u00a0<strong>NR CONTABILIDADE E CONSULTORIA LTDA<\/strong>\u00a0\u00e9 uma empresa especializada em diversos segmentos das Ci\u00eancias Cont\u00e1beis, atuando na contabilidade p\u00fablica, na \u00e1rea comercial, bem como em atividades de auditoria, per\u00edcia e assessoria cont\u00e1bil.<\/p>\n<p>Com atua\u00e7\u00e3o no mercado desde 1995, a NR construiu um nome s\u00f3lido, sin\u00f4nimo de confiabilidade e efic\u00e1cia, desenvolvendo importantes parcerias com clientes, colaboradores, fornecedores, \u00f3rg\u00e3os p\u00fablicos, profissionais liberais e entidades sem fins lucrativos.<\/p>\n<p>Nossa empresa \u00e9 integrada por profissionais capacitados e que est\u00e3o sempre em busca de melhoria na qualidade de seus servi\u00e7os. Contamos com departamentos individualizados para cada atua\u00e7\u00e3o, onde as solu\u00e7\u00f5es das necessidades de nossos clientes s\u00e3o atendidas com o m\u00e1ximo de profissionalismo.<\/p>\n","protected":false},"excerpt":{"rendered":"<p>A\u00a0NR CONTABILIDADE E CONSULTORIA LTDA\u00a0\u00e9 uma empresa especializada em diversos segmentos das Ci\u00eancias Cont\u00e1beis, atuando na contabilidade p\u00fablica, na \u00e1rea comercial, bem como em atividades de auditoria, per\u00edcia e assessoria cont\u00e1bil. Com atua\u00e7\u00e3o no mercado desde 1995, a NR construiu um nome s\u00f3lido, sin\u00f4nimo de confiabilidade e efic\u00e1cia, desenvolvendo importantes parcerias com clientes, colaboradores, fornecedores, \u00f3rg\u00e3os p\u00fablicos, profissionais liberais e entidades sem fins lucrativos. Nossa &hellip; <\/p>\n","protected":false},"author":1,"featured_media":315,"parent":0,"menu_order":0,"comment_status":"closed","ping_status":"closed","template":"","meta":[],"_links":{"self":[{"href":"https:\/\/site.nrcontabilidade.com.br\/index.php\/wp-json\/wp\/v2\/pages\/335"}],"collection":[{"href":"https:\/\/site.nrcontabilidade.com.br\/index.php\/wp-json\/wp\/v2\/pages"}],"about":[{"href":"https:\/\/site.nrcontabilidade.com.br\/index.php\/wp-json\/wp\/v2\/types\/page"}],"author":[{"embeddable":true,"href":"https:\/\/site.nrcontabilidade.com.br\/index.php\/wp-json\/wp\/v2\/users\/1"}],"replies":[{"embeddable":true,"href":"https:\/\/site.nrcontabilidade.com.br\/index.php\/wp-json\/wp\/v2\/comments?post=335"}],"version-history":[{"count":1,"href":"https:\/\/site.nrcontabilidade.com.br\/index.php\/wp-json\/wp\/v2\/pages\/335\/revisions"}],"predecessor-version":[{"id":336,"href":"https:\/\/site.nrcontabilidade.com.br\/index.php\/wp-json\/wp\/v2\/pages\/335\/revisions\/336"}],"wp:featuredmedia":[{"embeddable":true,"href":"https:\/\/site.nrcontabilidade.com.br\/index.php\/wp-json\/wp\/v2\/media\/315"}],"wp:attachment":[{"href":"https:\/\/site.nrcontabilidade.com.br\/index.php\/wp-json\/wp\/v2\/media?parent=335"}],"curies":[{"name":"wp","href":"https:\/\/api.w.org\/{rel}","templated":true}]}}